41 - -68) + 6 + 1
17
Calculate 12 - (0 + 5 + -5) - (-2 - -9).
5
What is -5 + 1 + (-5 + 11 - 5 - 8)?
-11
-35 + 27 + 2 + -26 + 12
-20
(25 - 15) + -3 + -2 + (-4 - -2)
3
Calculate 16 - (-36 + (-6 - -72)).
-14
What is -17 + 22 + -16 - 3?
-14
Evaluate (10 - (-4 + -9 + 7)) + 3 + 6.
25
What is the value of -1 + 30 + -73 + 25?
-19
(-21 - -32) + 5 + -13
3
12 - (9 - (-9 - -20 - 8))
6
What is the value of -6 + (-22 - -8) + 2?
-18
(-5 - -4 - -3 - -6) + -11
-3
Evaluate -4 + 12 + 8 + -13 + 7.
10
Calculate 11 + -6 + -4 - -16.
17
-9 + (-1 - 3) - (-164 - -139)
12
Calculate 11 + (-5 - (3 - 12) - 13).
2
What is the value of 2 + -10 - (-28 - (-6 + -12) - 12)?
14
What is the value of 3 + 1 + -19 - -38?
23
Calculate -14 + (-22 - -18) + 36.
18
What is 10 + -3 + 2 + (-56 - -57)?
10
What is 32 + -42 + (4 - 6) + (0 - -2)?
-10
What is the value of -24 + -3 + (9 - 13) + 9?
-22
What is 7 + (16 - 19) - 6?
-2
What is -4 - 6 - ((-10 - 0) + -12)?
12
What is 4 - (14 - 10) - (-2 - -23)?
-21
-5 + -12 + (75 - 53)
5
15 + 0 + -12 + -8
-5
What is -39 + (28 - (-9 - -6))?
-8
Evaluate 58 + -73 - (-2 - (6 + 29)).
22
What is the value of -42 + (15 - -28) + 9?
10
What is the value of -26 + 0 + (25 - (-83 + 96))?
-14
Calculate 5 + (7 - (2 + 34 + (3 - 9))).
-18
Calculate (3 + 18 - (38 + -25)) + 10.
18
27 - (-11 + (-7 - -31))
14
Evaluate 6 + -13 + 0 - (0 - 1).
-6
Evaluate -2 + 2 - -2 - (-4 - 1 - -7).
0
Evaluate -14 + 10 + -3 + 6 + 3.
2
What is -9 + (-7 - 8) + 22 + 8?
6
What is the value of 14 - 7 - (0 - (-1 + -1))?
5
What is 0 + -21 - (9 - 21)?
-9
2 + -11 + (1 - (15 + -5)) + 12
-6
What is (5 - 4) + -14 - (-8 - -1)?
-6
What is the value of -34 - (20 - (-16 + 29) - (10 + -1))?
-32
Evaluate (-6 - (7 + (-4 - -6))) + 4.
-11
Evaluate -2 - (-21 - ((-19 - -8) + 11)).
19
Evaluate 13 - 22 - (0 - (4 + -11 + 3)).
-13
What is (1 - -3) + (-12 - -21 - -3 - 6)?
10
6 + (2 - -12 - 3 - (-16 + 20))
13
Evaluate 2 + 1 + 5 + 2 + 1 + -9.
2
Evaluate 6 + 2 + -4 - 1.
3
(1 - -9) + (68 - 71) + -6 + -7
-6
What is the value of 16 + (-6 - 7 - 2)?
1
-17 + 0 - (-12 - -6 - -3) - -5
-9
What is -106 + 91 + 2 + 13?
0
What is 33 + -44 - (-2 - (-3 - -5)) - -11?
4
Evaluate -3 + (4 - (-3 - -11)).
-7
Calculate (34 - 19) + 13 + -31.
-3
What is (-343 - -333) + (0 - 2) + 16?
4
(-29 - -26) + 10 - (16 + (1 - 2))
-8
What is the value of (-12 - -5) + (-7 - (-3 - -2 - 0))?
-13
Evaluate (7 - (-12 + 16 + 3) - -1) + -7.
-6
Calculate (-8 - (7 - (-5 + 6))) + 11 - -8.
5
Evaluate 6 + 2 - (19 + -16 + (2 - -1)).
2
What is 3 - ((11 - 2) + -7 + 6)?
-5
Evaluate -6 + 7 + 2 - (-24 + (-2 - -14)).
15
What is the value of 19 + -8 + 207 + -237?
-19
What is (-19 + (31 - 13) - (-7 + -2)) + 14?
22
Evaluate -4 + 2 + -6 - (3 - 8).
-3
What is the value of 3 + (0 - 1) + -131 + 134 - -3?
8
What is the value of ((6 - -1) + -2 - 11) + 12?
6
What is (-3 + 3 - (1 + 2)) + (28 - 1)?
24
Calculate 2 + -9 - (-6 + -14) - 16.
-3
Evaluate (-7 - -3 - -5 - -4) + (4 - 12).
-3
What is -36 + (34 - 20) + 2 + -3?
-23
3 + -1 + 8 + -24 - -8
-6
Calculate 1 + (2 - 4) + (25 - 32).
-8
-12 + -4 + (-90 + 103 - (2 - -8))
-13
Evaluate (7 - -7) + -60 + 31 + 7.
-8
Calculate -17 - 28 - -14 - -34.
3
What is the value of (-45 - -57) + -1 + (0 - -11)?
22
Calculate -4 + (3 - 4 - -1).
-4
What is -24 + -5 + 6 - -15?
-8
Evaluate 0 + -1 - (0 - -12 - 25).
12
What is the value of -54 + 42 + 15 + 2?
5
Calculate 24 + (-22 - 17) + 22.
7
Evaluate -4 + (4 + -5 - -4) - (53 + -55).
1
What is the value of 1 - 5 - (9 - 3) - -5 - -8?
3
Evaluate -25 + 9 + 8 - (1 + -21).
12
4 - (5 + -7) - (-6 - (0 - 31))
-19
What is the value of 1 - (-10 + 1) - ((-23 - -49) + -7)?
-9
What is -3 + 4 + 0 - (10 + (-17 - -1))?
7
What is the value of -8 - (-50 - ((1 - 19) + -57 + 67))?
34
(-79 - -77) + 7 + -1
4
What is the value of 276 + -262 + 3 + -1 + 8?
24
Evaluate (-5 + 12 - -2) + -12 + 6.
3
Calculate (-1 - -10) + (-216 - -209).
2
What is the value of 28 + (-27 - (-15 - 1))?
17
What is the value of (1533 - 1545) + (-1 - 0 - -26)?
13
What is the value of 0 + (-10 - (10 + (0 - 14)))?
-6
Calculate 44 - (17 + 17 + -17).
27
Evaluate (-24 + 7 - (-2 + -2)) + 11.
-2
What is -98 + -122 + 227 + (12 + -1 - 0)?
18
Calculate -8 + 5 + (-8 - -14) + -7.
-4
Calculate 36 - (0 - (-39 - -31) - (0 + -4)).
24
7 + (-9 + 19 - (7 + 21 + -9))
-2
-13 + (38 - 23) + -1 + 0 + -6
-5
What is the value of (17 - 7) + (-3 - 0) - 10?
-3
What is the value of (0 - (5 - -2) - -7) + 0 + 0?
0
What is the value of (7 - (13 + -3)) + -11 + 2?
-12
Evaluate 0 - 21 - (-16 + 8).
-13
What is the value of (46 + -25 - -12) + -44?
-11
Evaluate (-6 - 0 - (-24 + 22)) + -7.
-11
What is (0 - 15 - (14 + -23)) + (-1 - 2)?
-9
What is the value of 16 - (18 + 9) - -6?
-5
Evaluate -39 - (-30 + -28 + 30).
-11
What is (-5 - -10) + -12 + 21?
14
Evaluate -26 - (-17 + 17 - 13).
-13
Evaluate 5 + (0 + 0 + 4 - 5) + 2.
6
What is the value of 0 - (-18 - -17 - -17)?
-16
What is the value of -47 + (-21 + 0 - -7 - -30)?
-31
What is (2 - 4) + 8 - (31 - 35)?
10
Calculate (4 - (9 - (13 + -1))) + -2.
5
Calculate 3 + (3 - (0 + -5 - (23 + -25))).
9
What is -5 + (-4 - -8) + -11 + 0?
-12
What is the value of -8 + 13 - (-27 - -1 - -21)?
10
(-54 - -27) + 40 + (1 - 8)
6
What is the value of 14 + (11 - 4) + -17?
4
Calculate (-58 - -56) + (-7 - -2).
-7
Calculate 0 + (2 - 4) + (-2 - 2) + 3.
-3
What is -1 + 1 + 2 + -1 + 11?
12
What is -432 + 403 - (-24 - 0)?
-5
What is -3 - -5 - ((-10 - -27) + -5)?
-10
Evaluate (0 - 2 - 0) + -17 + -8 + 14.
-13
What is the value of (-9 - 1) + 26 + 17 + -28?
5
3 + (-5 - (-25 + 13))
10
What is the value of (-15 + 8 - (3 + (-10 - 2))) + 22?
24
(0 - -9 - -8) + -15
2
What is 19 - 7 - 9 - 9?
-6
Calculate -3 + -1 + 9 + 6 + -20 + -2.
-11
What is the value of (12 - 16 - 8 - -6) + -2 + 1?
-7
What is (20 - 24) + -1 + (-1 - (0 - -1))?
-7
What is the value of (-7 - (-43 + 18)) + -12 - -30?
36
21 + -7 + (-4 - 3)
7
-4 + ((-1 - -2) + 1 - (-6 - -10))
-6
What is 5 + 1 + 1 + -5?
2
What is the value of 1 + 1 + (2 - (2 + (-1 - -10)))?
-7
Evaluate 29 + -10 - (3 - -4 - -1).
11
What is the value of 5 + (-9 - (-25 + (-14 - -12)))?
23
Evaluate (-49 - -23) + 25 - 9.
-10
What is 31 - ((0 - -5) + (47 - 46))?
25
-17 + 25 + 11 + -32
-13
Calculate 25 + -27 + (0 - 0) - (2 + -8).
4
Evaluate (20 - 6) + 2 - (105 - 102).
13
What is -5 + 6 + 1 + -144 + 134 + 31?
23
Evaluate 17 + -4 - (-5 + 7 + 6 + -2).
7
-6 + 1 + (-1 - -1) - -3 - 7
-9
What is the value of 34 + -32 - (-6 - -4)?
4
-17 + -35 + 64 + (-11 - 1) - 7
-7
Calculate 2 + (-7 + 2 - (6 - 6)).
-3
What is the value of -5 - (12 + -17) - 9?
-9
What is the value of 51 + 2 + -36 + 16 + 1 + -10?
24
Evaluate (3 - (6 - (16 - 4) - -6)) + -3.
0
What is the value of 1 - 3 - (-61 - -56 - (12 - 1))?
14
What is the value of -3 + -3 + 8 + (154 - 128)?
28
2 - (-11 - (-1 + -3 - 8)) - 7
-6
Evaluate -28 + (3 - -44 - 2).
17
What is the value of 2 + (26 - -3) + -6 + 4?
29
What is 17 + -4 + -14 - (2 - -6)?
-9
What is 16 + -27 + 28 + -37 + (-12 - -1)?
-31
Calculate (5 - (1 - (11 - 4))) + 13.
24
Calculate 6 - 28 - (125 - 149).
2
Evaluate -7 + -2 + (0 + 3 + -3 - -4).
-5
Evaluate 1 + (-4 - 3 - 9) + 7 + 15.
7
-2 - ((12 - 0) + 23 + -27 + 18)
-28
(-1 - (0 + -2)) + 3 + (725 - 748)
-19
What is the value of 27 - 7 - (21 - 1 - 8)?
8
Evaluate 0 - (-1 + (2 - -4 - 2) + 0).
-3
Evaluate (-57 - -92) + -40 - (-2 - -1 - -6).
-10
What is -4 + 28 - (1 + 4 - -4)?
15
What is the value of -22 - -6 - -39 - 16?
7
17 + (42 - 60) + -20
-21
Evaluate (1 - 4) + (14 - 18) + 12.
5
Calculate 2 + -19 + (38 - 20).
1
Calculate (17 - -17) + -82 - -22.
-26
What is (-22 - -37 - 5) + (30 - 2) + 2?
40
What is the value of 1150 + -1180 + (0 - -24)?
-6
What is the value of (-10 - -1) + 47 + -74 + 43?
7
Calculate (1 - (-3 + 5 + 3)) + -5.
-9
Calculate (-1 - 18) + 11 - -14.
6
16 + -4 + (-19 - -5)
-2
What is the value of (2 - 3) + 6 - 19 - -1?
-13
Calculate 34 + -38 + (-2 - (2 + 0 + -23)).
15
What is -17 + 8 - (-2 - 0 - (-10 - -12))?
-5
Calculate 3 - (8 + -1 - (49 - 45)).
0
What is the value of -13 + -6 + 10 - -14?
5
5 + (17 + -30 - -21)
13
Evaluate 8 + (-2 - -2) + (3 - 10).
1
What is 68 + -62 - (0 - 0) - -10 - 10?
6
What is the value of 8 - 0 - (-37 + 35 + -4)?
14
What is (3 + -3 + 3 - -8) + 0 + -2?
9
What is 5 + 6 + -6 - 22 - (0 - 5)?
-12
What is -3 + (-8 - -12) + -10 + -2 + 1?
-10
What is the value of 41 - 51 - (-24 + 2) - (-4 + 0)?
16
Calc